{"id":22,"date":"2026-02-04T14:57:49","date_gmt":"2026-02-04T11:57:49","guid":{"rendered":"https:\/\/www.c-advice.com\/about-2\/"},"modified":"2026-04-02T13:05:03","modified_gmt":"2026-04-02T10:05:03","slug":"yritys","status":"publish","type":"page","link":"https:\/\/www.c-advice.com\/?page_id=22","title":{"rendered":"Yritys"},"content":{"rendered":"<div data-spectra-id=\"4a35b908\"\tstyle=\"overflow: visible; --spectra-background-color: var(--ast-global-color-2); --spectra-overlay-opacity: 0.4;\" class=\"spectra-is-root-container alignfull spectra-overlay-color spectra-overflow spectra-background-color spectra-dim-ratio wp-block-spectra-container\" data-orientation=\"vertical\"\t>\n\t\n<div data-spectra-id=\"spectra-mg0h3mh3-s0guaz\" style=\"overflow: visible\" class=\"spectra-overlay-color spectra-overflow wp-block-spectra-container\" data-orientation=\"vertical\">\n\t\n\t<h1 data-spectra-id=\"spectra-2858e0af-title\" style=\"--spectra-text-color: ast-global-color-5;--spectra-text-color-hover: var(--ast-global-color-0)\" class=\"has-text-color has-link-color spectra-text-color spectra-text-color-hover  wp-elements-e84ecccab888881e1bbd03666adf6759 wp-block-spectra-content has-text-color has-ast-global-color-5-color\">\n\t\tIdeastasi toteutukseen &#8211; me teemme sen mahdolliseksi\t<\/h1>\n\n<\/div>\n\n<\/div>\n\n\n<div data-spectra-id=\"ba4423ea\"\tstyle=\"overflow: visible; --spectra-overlay-opacity: 0.7;\" class=\"spectra-is-root-container alignfull spectra-overlay-color spectra-overflow spectra-dim-ratio wp-block-spectra-container\" data-orientation=\"vertical\"\t>\n\t\n<div data-spectra-id=\"spectra-mg0hbzss-6yh9ee\" style=\"overflow: visible\" class=\"spectra-overlay-color spectra-overflow wp-block-spectra-container\" data-orientation=\"vertical\">\n\t\n\n<p class=\"has-text-align-left\" style=\"font-size:17px\"><strong>C\u2011Advice Oy on vuonna 2006 perustettu kotimainen tuotekehityksen asiantuntijatalo.<\/strong> <br>Olemme rakentaneet toimintamallin, jossa eri alojen osaaminen, k\u00e4yt\u00e4nn\u00f6nl\u00e4heinen tekeminen ja mutkaton yhteisty\u00f6 yhdistyv\u00e4t. <br>Tiimimme koostuu 20 kokeneesta ammattilaisesta, joilla on vahva tausta suunnittelusta, tuotekehityksest\u00e4, protomallien valmistuksesta ja projektinhallinnasta.<br>Monialainen osaaminen antaa meille valmiudet tarttua hyvin erilaisiin haasteisiin ja vied\u00e4 ideat konkreettisiksi ratkaisuiksi aina 0\u2011sarjaan asti.<br><br>Meille on t\u00e4rke\u00e4\u00e4, ett\u00e4 asiakkaamme voivat luottaa projektien etenev\u00e4n varmasti ja hallitusti alusta loppuun. <br>Palvelemme yrityksi\u00e4 kaikissa kokoluokissa \u2013 yksitt\u00e4isist\u00e4 tarpeista laajoihin projektikokonaisuuksiin \u2013 ja varmistamme, ett\u00e4 jokainen asiakas saa juuri tilanteeseensa sopivan tuen ja osaamisen.<br><br>Haluamme olla yritys, joka kasvaa yhdess\u00e4 ihmistens\u00e4 kanssa. Tuemme uusia kykyj\u00e4 ja tarjoamme heille mahdollisuuden kehitty\u00e4 kokeneiden osaajien rinnalla.<br>Panostamme hyvinvointiin, koska parhaat ratkaisut syntyv\u00e4t ymp\u00e4rist\u00f6ss\u00e4, jossa ihmiset voivat hyvin ja kokevat ty\u00f6ns\u00e4 merkitykselliseksi. Toimintamme perustuu avoimuuteen, selke\u00e4\u00e4n kommunikaatioon ja aitoon haluun auttaa asiakkaita onnistumaan. Kehit\u00e4mme ratkaisuja, jotka tukevat tuotehallintaa, dokumentointia ja tuotekehitysprosesseja sek\u00e4 auttavat vastaamaan muuttuvan maailman vaatimuksiin.<\/p>\n\n<\/div>\n\n<\/div>\n\n\n\t<h2 data-spectra-id=\"spectra-mlf24de9-ifabbk\"\t\tclass=\"wp-block-spectra-content\">\n\t\tYrityksi\u00e4, jotka ovat valinneet meid\u00e4t kumppanikseen.\t<\/h2>\n\n\n<div\n    \tclass=\"free align wp-block-csb-content-slider-block\"    id='csbContentSlider-1' \n    data-attributes='{&quot;slides&quot;:[{&quot;background&quot;:{&quot;color&quot;:&quot;#00000080&quot;,&quot;type&quot;:&quot;image&quot;,&quot;image&quot;:{&quot;id&quot;:2942,&quot;url&quot;:&quot;https:\\\/\\\/www.c-advice.com\\\/wp-content\\\/uploads\\\/2026\\\/02\\\/hiil.webp&quot;,&quot;alt&quot;:&quot;&quot;,&quot;title&quot;:&quot;hiil&quot;,&quot;caption&quot;:&quot;Hiil&quot;},&quot;attachment&quot;:&quot;fixed&quot;,&quot;size&quot;:&quot;contain&quot;,&quot;repeat&quot;:&quot;no-repeat&quot;},&quot;border&quot;:[],&quot;position&quot;:&quot;center center&quot;,&quot;childPositions&quot;:[{&quot;top&quot;:36,&quot;right&quot;:44.71,&quot;bottom&quot;:44.5,&quot;left&quot;:44.71},{&quot;top&quot;:47.5,&quot;right&quot;:34.67,&quot;bottom&quot;:52.5,&quot;left&quot;:34.67},{&quot;top&quot;:55.5,&quot;right&quot;:44.54,&quot;bottom&quot;:67,&quot;left&quot;:44.54}],&quot;title&quot;:&quot;&quot;,&quot;titleColor&quot;:&quot;#fff&quot;,&quot;description&quot;:&quot;&quot;,&quot;descColor&quot;:&quot;#fff&quot;,&quot;btnText&quot;:&quot;&quot;,&quot;btnLink&quot;:&quot;&quot;,&quot;btnColors&quot;:{&quot;color&quot;:&quot;#fff&quot;,&quot;bg&quot;:&quot;#146EF5&quot;,&quot;bgType&quot;:&quot;gradient&quot;},&quot;btnHovColors&quot;:{&quot;color&quot;:&quot;#fff&quot;,&quot;bg&quot;:&quot;#FF7A00&quot;}},{&quot;background&quot;:{&quot;color&quot;:&quot;#00000080&quot;,&quot;type&quot;:&quot;image&quot;,&quot;image&quot;:{&quot;id&quot;:2945,&quot;url&quot;:&quot;https:\\\/\\\/www.c-advice.com\\\/wp-content\\\/uploads\\\/2026\\\/02\\\/levypyora_logo.png&quot;,&quot;alt&quot;:&quot;&quot;,&quot;title&quot;:&quot;levypy\\u00f6r\\u00e4_logo&quot;,&quot;caption&quot;:&quot;Levypy\\u00f6r\\u00e4&quot;},&quot;attachment&quot;:&quot;fixed&quot;,&quot;repeat&quot;:&quot;no-repeat&quot;,&quot;size&quot;:&quot;contain&quot;},&quot;border&quot;:[],&quot;position&quot;:&quot;center center&quot;,&quot;childPositions&quot;:[{&quot;top&quot;:36,&quot;right&quot;:44.71,&quot;bottom&quot;:44.5,&quot;left&quot;:44.71},{&quot;top&quot;:47.5,&quot;right&quot;:34.67,&quot;bottom&quot;:52.5,&quot;left&quot;:34.67},{&quot;top&quot;:55.5,&quot;right&quot;:44.54,&quot;bottom&quot;:67,&quot;left&quot;:44.54}],&quot;title&quot;:&quot;&quot;,&quot;titleColor&quot;:&quot;#fff&quot;,&quot;description&quot;:&quot;&quot;,&quot;descColor&quot;:&quot;#fff&quot;,&quot;btnText&quot;:&quot;&quot;,&quot;btnLink&quot;:&quot;&quot;,&quot;btnColors&quot;:{&quot;color&quot;:&quot;#fff&quot;,&quot;bg&quot;:&quot;#146EF5&quot;},&quot;btnHovColors&quot;:{&quot;color&quot;:&quot;#fff&quot;,&quot;bg&quot;:&quot;#FF7A00&quot;}},{&quot;background&quot;:{&quot;color&quot;:&quot;#00000080&quot;,&quot;type&quot;:&quot;image&quot;,&quot;image&quot;:{&quot;id&quot;:3089,&quot;url&quot;:&quot;https:\\\/\\\/www.c-advice.com\\\/wp-content\\\/uploads\\\/2026\\\/04\\\/KEMPPI-LOGO-BW-TRANSPARENT-RGB.png&quot;,&quot;alt&quot;:&quot;&quot;,&quot;title&quot;:&quot;KEMPPI-LOGO-BW-TRANSPARENT-RGB&quot;,&quot;caption&quot;:&quot;&quot;},&quot;attachment&quot;:&quot;fixed&quot;,&quot;repeat&quot;:&quot;no-repeat&quot;,&quot;size&quot;:&quot;contain&quot;},&quot;border&quot;:[],&quot;position&quot;:&quot;center center&quot;,&quot;childPositions&quot;:[{&quot;top&quot;:36,&quot;right&quot;:44.71,&quot;bottom&quot;:44.5,&quot;left&quot;:44.71},{&quot;top&quot;:47.5,&quot;right&quot;:34.67,&quot;bottom&quot;:52.5,&quot;left&quot;:34.67},{&quot;top&quot;:55.5,&quot;right&quot;:44.54,&quot;bottom&quot;:67,&quot;left&quot;:44.54}],&quot;title&quot;:&quot;&quot;,&quot;titleColor&quot;:&quot;#fff&quot;,&quot;description&quot;:&quot;&quot;,&quot;descColor&quot;:&quot;#fff&quot;,&quot;btnText&quot;:&quot;&quot;,&quot;btnLink&quot;:&quot;&quot;,&quot;btnColors&quot;:{&quot;color&quot;:&quot;#fff&quot;,&quot;bg&quot;:&quot;#146EF5&quot;},&quot;btnHovColors&quot;:{&quot;color&quot;:&quot;#fff&quot;,&quot;bg&quot;:&quot;#FF7A00&quot;}},{&quot;background&quot;:{&quot;color&quot;:&quot;#00000080&quot;,&quot;type&quot;:&quot;image&quot;,&quot;image&quot;:{&quot;id&quot;:2946,&quot;url&quot;:&quot;https:\\\/\\\/www.c-advice.com\\\/wp-content\\\/uploads\\\/2026\\\/02\\\/logo.svg&quot;,&quot;alt&quot;:&quot;&quot;,&quot;title&quot;:&quot;logo&quot;,&quot;caption&quot;:&quot;Teknoware&quot;},&quot;attachment&quot;:&quot;local&quot;,&quot;repeat&quot;:&quot;no-repeat&quot;,&quot;size&quot;:&quot;contain&quot;},&quot;border&quot;:[],&quot;position&quot;:&quot;center center&quot;,&quot;childPositions&quot;:[{&quot;top&quot;:36,&quot;right&quot;:44.71,&quot;bottom&quot;:44.5,&quot;left&quot;:44.71},{&quot;top&quot;:47.5,&quot;right&quot;:34.67,&quot;bottom&quot;:52.5,&quot;left&quot;:34.67},{&quot;top&quot;:55.5,&quot;right&quot;:44.54,&quot;bottom&quot;:67,&quot;left&quot;:44.54}],&quot;title&quot;:&quot;&quot;,&quot;titleColor&quot;:&quot;#fff&quot;,&quot;description&quot;:&quot;&quot;,&quot;descColor&quot;:&quot;#fff&quot;,&quot;btnText&quot;:&quot;&quot;,&quot;btnLink&quot;:&quot;&quot;,&quot;btnColors&quot;:{&quot;color&quot;:&quot;#fff&quot;,&quot;bg&quot;:&quot;#146EF5&quot;},&quot;btnHovColors&quot;:{&quot;color&quot;:&quot;#fff&quot;,&quot;bg&quot;:&quot;#FF7A00&quot;}},{&quot;background&quot;:{&quot;color&quot;:&quot;#00000080&quot;,&quot;type&quot;:&quot;image&quot;,&quot;image&quot;:{&quot;id&quot;:2943,&quot;url&quot;:&quot;https:\\\/\\\/www.c-advice.com\\\/wp-content\\\/uploads\\\/2026\\\/02\\\/jartek_logo.png&quot;,&quot;alt&quot;:&quot;&quot;,&quot;title&quot;:&quot;jartek_logo&quot;,&quot;caption&quot;:&quot;Jartek&quot;},&quot;attachment&quot;:&quot;fixed&quot;,&quot;repeat&quot;:&quot;no-repeat&quot;,&quot;size&quot;:&quot;contain&quot;},&quot;border&quot;:[],&quot;position&quot;:&quot;center center&quot;,&quot;childPositions&quot;:[{&quot;top&quot;:36,&quot;right&quot;:44.71,&quot;bottom&quot;:44.5,&quot;left&quot;:44.71},{&quot;top&quot;:47.5,&quot;right&quot;:34.67,&quot;bottom&quot;:52.5,&quot;left&quot;:34.67},{&quot;top&quot;:55.5,&quot;right&quot;:44.54,&quot;bottom&quot;:67,&quot;left&quot;:44.54}],&quot;title&quot;:&quot;&quot;,&quot;titleColor&quot;:&quot;#fff&quot;,&quot;description&quot;:&quot;&quot;,&quot;descColor&quot;:&quot;#fff&quot;,&quot;btnText&quot;:&quot;&quot;,&quot;btnLink&quot;:&quot;&quot;,&quot;btnColors&quot;:{&quot;color&quot;:&quot;#fff&quot;,&quot;bg&quot;:&quot;#146EF5&quot;},&quot;btnHovColors&quot;:{&quot;color&quot;:&quot;#fff&quot;,&quot;bg&quot;:&quot;#FF7A00&quot;}},{&quot;background&quot;:{&quot;color&quot;:&quot;#00000080&quot;,&quot;type&quot;:&quot;image&quot;,&quot;image&quot;:{&quot;id&quot;:2948,&quot;url&quot;:&quot;https:\\\/\\\/www.c-advice.com\\\/wp-content\\\/uploads\\\/2026\\\/02\\\/Raute_logo_rgb.png&quot;,&quot;alt&quot;:&quot;&quot;,&quot;title&quot;:&quot;Raute_logo_rgb&quot;,&quot;caption&quot;:&quot;&quot;},&quot;attachment&quot;:&quot;fixed&quot;,&quot;repeat&quot;:&quot;no-repeat&quot;,&quot;size&quot;:&quot;contain&quot;},&quot;border&quot;:[],&quot;position&quot;:&quot;center center&quot;,&quot;childPositions&quot;:[{&quot;top&quot;:36,&quot;right&quot;:44.71,&quot;bottom&quot;:44.5,&quot;left&quot;:44.71},{&quot;top&quot;:47.5,&quot;right&quot;:34.67,&quot;bottom&quot;:52.5,&quot;left&quot;:34.67},{&quot;top&quot;:55.5,&quot;right&quot;:44.54,&quot;bottom&quot;:67,&quot;left&quot;:44.54}],&quot;title&quot;:&quot;&quot;,&quot;titleColor&quot;:&quot;#fff&quot;,&quot;description&quot;:&quot;&quot;,&quot;descColor&quot;:&quot;#fff&quot;,&quot;btnText&quot;:&quot;&quot;,&quot;btnLink&quot;:&quot;&quot;,&quot;btnColors&quot;:{&quot;color&quot;:&quot;#fff&quot;,&quot;bg&quot;:&quot;#146EF5&quot;},&quot;btnHovColors&quot;:{&quot;color&quot;:&quot;#fff&quot;,&quot;bg&quot;:&quot;#FF7A00&quot;}},{&quot;background&quot;:{&quot;color&quot;:&quot;#00000080&quot;,&quot;type&quot;:&quot;image&quot;,&quot;image&quot;:{&quot;id&quot;:2951,&quot;url&quot;:&quot;https:\\\/\\\/www.c-advice.com\\\/wp-content\\\/uploads\\\/2026\\\/02\\\/Logo_ajj_konepaja-7.webp&quot;,&quot;alt&quot;:&quot;&quot;,&quot;title&quot;:&quot;Logo_ajj_konepaja-7&quot;,&quot;caption&quot;:&quot;&quot;},&quot;attachment&quot;:&quot;fixed&quot;,&quot;repeat&quot;:&quot;no-repeat&quot;,&quot;size&quot;:&quot;contain&quot;},&quot;border&quot;:[],&quot;position&quot;:&quot;center center&quot;,&quot;childPositions&quot;:[{&quot;top&quot;:36,&quot;right&quot;:44.71,&quot;bottom&quot;:44.5,&quot;left&quot;:44.71},{&quot;top&quot;:47.5,&quot;right&quot;:34.67,&quot;bottom&quot;:52.5,&quot;left&quot;:34.67},{&quot;top&quot;:55.5,&quot;right&quot;:44.54,&quot;bottom&quot;:67,&quot;left&quot;:44.54}],&quot;title&quot;:&quot;&quot;,&quot;titleColor&quot;:&quot;#fff&quot;,&quot;description&quot;:&quot;&quot;,&quot;descColor&quot;:&quot;#fff&quot;,&quot;btnText&quot;:&quot;&quot;,&quot;btnLink&quot;:&quot;&quot;,&quot;btnColors&quot;:{&quot;color&quot;:&quot;#fff&quot;,&quot;bg&quot;:&quot;#146EF5&quot;},&quot;btnHovColors&quot;:{&quot;color&quot;:&quot;#fff&quot;,&quot;bg&quot;:&quot;#FF7A00&quot;}},{&quot;background&quot;:{&quot;color&quot;:&quot;#00000080&quot;,&quot;type&quot;:&quot;image&quot;,&quot;image&quot;:{&quot;id&quot;:2949,&quot;url&quot;:&quot;https:\\\/\\\/www.c-advice.com\\\/wp-content\\\/uploads\\\/2026\\\/02\\\/proweld_logo.png&quot;,&quot;alt&quot;:&quot;&quot;,&quot;title&quot;:&quot;proweld_logo&quot;,&quot;caption&quot;:&quot;&quot;},&quot;repeat&quot;:&quot;no-repeat&quot;,&quot;size&quot;:&quot;contain&quot;},&quot;border&quot;:[],&quot;position&quot;:&quot;center center&quot;,&quot;childPositions&quot;:[{&quot;top&quot;:36,&quot;right&quot;:44.71,&quot;bottom&quot;:44.5,&quot;left&quot;:44.71},{&quot;top&quot;:47.5,&quot;right&quot;:34.67,&quot;bottom&quot;:52.5,&quot;left&quot;:34.67},{&quot;top&quot;:55.5,&quot;right&quot;:44.54,&quot;bottom&quot;:67,&quot;left&quot;:44.54}],&quot;title&quot;:&quot;&quot;,&quot;titleColor&quot;:&quot;#fff&quot;,&quot;description&quot;:&quot;&quot;,&quot;descColor&quot;:&quot;#fff&quot;,&quot;btnText&quot;:&quot;&quot;,&quot;btnLink&quot;:&quot;&quot;,&quot;btnColors&quot;:{&quot;color&quot;:&quot;#fff&quot;,&quot;bg&quot;:&quot;#146EF5&quot;},&quot;btnHovColors&quot;:{&quot;color&quot;:&quot;#fff&quot;,&quot;bg&quot;:&quot;#FF7A00&quot;}},{&quot;background&quot;:{&quot;color&quot;:&quot;#00000080&quot;,&quot;type&quot;:&quot;image&quot;,&quot;image&quot;:{&quot;id&quot;:2952,&quot;url&quot;:&quot;https:\\\/\\\/www.c-advice.com\\\/wp-content\\\/uploads\\\/2026\\\/02\\\/GF.webp&quot;,&quot;alt&quot;:&quot;&quot;,&quot;title&quot;:&quot;+GF+&quot;,&quot;caption&quot;:&quot;&quot;},&quot;repeat&quot;:&quot;no-repeat&quot;,&quot;size&quot;:&quot;contain&quot;,&quot;attachment&quot;:&quot;fixed&quot;},&quot;border&quot;:[],&quot;position&quot;:&quot;center center&quot;,&quot;childPositions&quot;:[{&quot;top&quot;:36,&quot;right&quot;:44.71,&quot;bottom&quot;:44.5,&quot;left&quot;:44.71},{&quot;top&quot;:47.5,&quot;right&quot;:34.67,&quot;bottom&quot;:52.5,&quot;left&quot;:34.67},{&quot;top&quot;:55.5,&quot;right&quot;:44.54,&quot;bottom&quot;:67,&quot;left&quot;:44.54}],&quot;title&quot;:&quot;&quot;,&quot;titleColor&quot;:&quot;#fff&quot;,&quot;description&quot;:&quot;&quot;,&quot;descColor&quot;:&quot;#fff&quot;,&quot;btnText&quot;:&quot;&quot;,&quot;btnLink&quot;:&quot;&quot;,&quot;btnColors&quot;:{&quot;color&quot;:&quot;#fff&quot;,&quot;bg&quot;:&quot;#146EF5&quot;},&quot;btnHovColors&quot;:{&quot;color&quot;:&quot;#fff&quot;,&quot;bg&quot;:&quot;#FF7A00&quot;}},{&quot;background&quot;:{&quot;color&quot;:&quot;#00000080&quot;,&quot;type&quot;:&quot;image&quot;,&quot;image&quot;:{&quot;id&quot;:2954,&quot;url&quot;:&quot;https:\\\/\\\/www.c-advice.com\\\/wp-content\\\/uploads\\\/2026\\\/02\\\/Sandvik.webp&quot;,&quot;alt&quot;:&quot;&quot;,&quot;title&quot;:&quot;Sandvik&quot;,&quot;caption&quot;:&quot;&quot;},&quot;attachment&quot;:&quot;fixed&quot;,&quot;repeat&quot;:&quot;no-repeat&quot;,&quot;size&quot;:&quot;contain&quot;},&quot;border&quot;:[],&quot;position&quot;:&quot;center center&quot;,&quot;childPositions&quot;:[{&quot;top&quot;:36,&quot;right&quot;:44.71,&quot;bottom&quot;:44.5,&quot;left&quot;:44.71},{&quot;top&quot;:47.5,&quot;right&quot;:34.67,&quot;bottom&quot;:52.5,&quot;left&quot;:34.67},{&quot;top&quot;:55.5,&quot;right&quot;:44.54,&quot;bottom&quot;:67,&quot;left&quot;:44.54}],&quot;title&quot;:&quot;&quot;,&quot;titleColor&quot;:&quot;#fff&quot;,&quot;description&quot;:&quot;&quot;,&quot;descColor&quot;:&quot;#fff&quot;,&quot;btnText&quot;:&quot;&quot;,&quot;btnLink&quot;:&quot;&quot;,&quot;btnColors&quot;:{&quot;color&quot;:&quot;#fff&quot;,&quot;bg&quot;:&quot;#146EF5&quot;},&quot;btnHovColors&quot;:{&quot;color&quot;:&quot;#fff&quot;,&quot;bg&quot;:&quot;#FF7A00&quot;}}],&quot;columns&quot;:{&quot;desktop&quot;:6,&quot;tablet&quot;:1,&quot;mobile&quot;:1},&quot;columnGap&quot;:93,&quot;sliderWidth&quot;:&quot;90%&quot;,&quot;sliderHeight&quot;:&quot;100px&quot;,&quot;isTouchMove&quot;:false,&quot;speed&quot;:1.2,&quot;isPage&quot;:false,&quot;isPrevNext&quot;:false,&quot;align&quot;:&quot;&quot;,&quot;sliderAlign&quot;:&quot;center&quot;,&quot;isLoop&quot;:true,&quot;isAutoplay&quot;:true,&quot;autoplayOptions&quot;:{&quot;delay&quot;:1.5,&quot;disableOnInteraction&quot;:false,&quot;reverseDirection&quot;:false,&quot;pauseOnMouseEnter&quot;:false,&quot;stopOnLastSlide&quot;:false},&quot;freeModeOptions&quot;:{&quot;enabled&quot;:false,&quot;sticky&quot;:false},&quot;effect&quot;:&quot;slide&quot;,&quot;keyboardOptions&quot;:{&quot;enabled&quot;:false},&quot;isMousewheel&quot;:false,&quot;pageOnDevice&quot;:{&quot;tablet&quot;:true,&quot;mobile&quot;:true},&quot;isPageClickable&quot;:true,&quot;isPageDynamic&quot;:true,&quot;prevNextOnDevice&quot;:{&quot;tablet&quot;:true,&quot;mobile&quot;:true},&quot;sliderBG&quot;:{&quot;color&quot;:&quot;#0000&quot;},&quot;sliderPadding&quot;:{&quot;vertical&quot;:&quot;0px&quot;,&quot;horizontal&quot;:&quot;0px&quot;},&quot;pageColor&quot;:&quot;#fff&quot;,&quot;pageWidth&quot;:&quot;15px&quot;,&quot;pageHeight&quot;:&quot;15px&quot;,&quot;pageBorder&quot;:{&quot;radius&quot;:&quot;50%&quot;},&quot;prevNextColor&quot;:&quot;#fff&quot;,&quot;isTitle&quot;:true,&quot;titleTypo&quot;:{&quot;fontSize&quot;:{&quot;desktop&quot;:&quot;25px&quot;,&quot;tablet&quot;:&quot;22px&quot;,&quot;mobile&quot;:&quot;20px&quot;}},&quot;isDesc&quot;:true,&quot;descTypo&quot;:{&quot;fontSize&quot;:{&quot;desktop&quot;:&quot;15px&quot;}},&quot;descColor&quot;:&quot;&quot;,&quot;isBtn&quot;:true,&quot;linkTarget&quot;:&quot;_blank&quot;,&quot;btnTypo&quot;:{&quot;fontSize&quot;:{&quot;desktop&quot;:&quot;16px&quot;}},&quot;btnPadding&quot;:{&quot;vertical&quot;:&quot;12px&quot;,&quot;horizontal&quot;:&quot;35px&quot;},&quot;btnBorder&quot;:{&quot;radius&quot;:&quot;3px&quot;}}'\n><\/div>\n\n<div data-spectra-id=\"165918a9\"\tstyle=\"overflow: visible; --spectra-background-color: var(--ast-global-color-7); --spectra-overlay-opacity: 0.8;\" class=\"spectra-is-root-container alignfull spectra-overlay-color spectra-overflow spectra-background-color spectra-dim-ratio wp-block-spectra-container\" data-orientation=\"vertical\"\t>\n\t\n<div data-spectra-id=\"spectra-15bf6267-root\" style=\"overflow: visible\" class=\"spectra-overlay-color spectra-overflow wp-block-spectra-container\" data-orientation=\"vertical\">\n\t\n\t<h2 data-spectra-id=\"spectra-15bf6267-title\" style=\"--spectra-text-color: #ffffff\" class=\"has-text-color spectra-text-color wp-block-spectra-content has-text-color has-ffffff-color\">\n\t\t<strong>Kun resurssit loppuvat, me aloitamme. <\/strong><br><strong>Olemme kumppani, joka tuo projekteihin jatkuvuutta, <br>osaamista ja varmuutta juuri silloin, kun sit\u00e4 eniten tarvitaan.<\/strong>\t<\/h2>\n\n\n<div data-spectra-id=\"spectra-15bf6267-buttons\" class=\"wp-block-button spectra-buttons wp-block-spectra-buttons\">\n\t\n<a data-spectra-id=\"spectra-15bf6267-button\" href=\"https:\/\/www.c-advice.com\/?page_id=26\" target=\"_self\" aria-label=\"ota yhteytt\u00e4\" class=\"wp-block-button__link wp-element-button wp-block-spectra-button\">\n<div class=\"spectra-button__link\">ota yhteytt\u00e4<\/div><\/a>\n\n<\/div>\n\n<\/div>\n\n<\/div>\n\n\n\n<p><\/p>\n","protected":false},"excerpt":{"rendered":"","protected":false},"author":2,"featured_media":0,"parent":0,"menu_order":0,"comment_status":"closed","ping_status":"closed","template":"","meta":{"_uag_custom_page_level_css":"","site-sidebar-layout":"default","site-content-layout":"","ast-site-content-layout":"normal-width-container","site-content-style":"default","site-sidebar-style":"default","ast-global-header-display":"","ast-banner-title-visibility":"","ast-main-header-display":"","ast-hfb-above-header-display":"","ast-hfb-below-header-display":"","ast-hfb-mobile-header-display":"","site-post-title":"disabled","ast-breadcrumbs-content":"","ast-featured-img":"","footer-sml-layout":"","ast-disable-related-posts":"","theme-transparent-header-meta":"enabled","adv-header-id-meta":"","stick-header-meta":"","header-above-stick-meta":"","header-main-stick-meta":"","header-below-stick-meta":"","astra-migrate-meta-layouts":"default","ast-page-background-enabled":"default","ast-page-background-meta":{"desktop":{"background-color":"var(--ast-global-color-4)","background-image":"","background-repeat":"repeat","background-position":"center center","background-size":"auto","background-attachment":"scroll","background-type":"","background-media":"","overlay-type":"","overlay-color":"","overlay-opacity":"","overlay-gradient":""},"tablet":{"background-color":"","background-image":"","background-repeat":"repeat","background-position":"center center","background-size":"auto","background-attachment":"scroll","background-type":"","background-media":"","overlay-type":"","overlay-color":"","overlay-opacity":"","overlay-gradient":""},"mobile":{"background-color":"","background-image":"","background-repeat":"repeat","background-position":"center center","background-size":"auto","background-attachment":"scroll","background-type":"","background-media":"","overlay-type":"","overlay-color":"","overlay-opacity":"","overlay-gradient":""}},"ast-content-background-meta":{"desktop":{"background-color":"var(--ast-global-color-5)","background-image":"","background-repeat":"repeat","background-position":"center center","background-size":"auto","background-attachment":"scroll","background-type":"","background-media":"","overlay-type":"","overlay-color":"","overlay-opacity":"","overlay-gradient":""},"tablet":{"background-color":"var(--ast-global-color-5)","background-image":"","background-repeat":"repeat","background-position":"center center","background-size":"auto","background-attachment":"scroll","background-type":"","background-media":"","overlay-type":"","overlay-color":"","overlay-opacity":"","overlay-gradient":""},"mobile":{"background-color":"var(--ast-global-color-5)","background-image":"","background-repeat":"repeat","background-position":"center center","background-size":"auto","background-attachment":"scroll","background-type":"","background-media":"","overlay-type":"","overlay-color":"","overlay-opacity":"","overlay-gradient":""}},"footnotes":""},"class_list":["post-22","page","type-page","status-publish","hentry"],"uagb_featured_image_src":{"full":false,"thumbnail":false,"medium":false,"medium_large":false,"large":false,"1536x1536":false,"2048x2048":false},"uagb_author_info":{"display_name":"Sanna Rantanen","author_link":"https:\/\/www.c-advice.com\/?author=2"},"uagb_comment_info":0,"uagb_excerpt":null,"_links":{"self":[{"href":"https:\/\/www.c-advice.com\/index.php?rest_route=\/wp\/v2\/pages\/22","targetHints":{"allow":["GET"]}}],"collection":[{"href":"https:\/\/www.c-advice.com\/index.php?rest_route=\/wp\/v2\/pages"}],"about":[{"href":"https:\/\/www.c-advice.com\/index.php?rest_route=\/wp\/v2\/types\/page"}],"author":[{"embeddable":true,"href":"https:\/\/www.c-advice.com\/index.php?rest_route=\/wp\/v2\/users\/2"}],"replies":[{"embeddable":true,"href":"https:\/\/www.c-advice.com\/index.php?rest_route=%2Fwp%2Fv2%2Fcomments&post=22"}],"version-history":[{"count":20,"href":"https:\/\/www.c-advice.com\/index.php?rest_route=\/wp\/v2\/pages\/22\/revisions"}],"predecessor-version":[{"id":3123,"href":"https:\/\/www.c-advice.com\/index.php?rest_route=\/wp\/v2\/pages\/22\/revisions\/3123"}],"wp:attachment":[{"href":"https:\/\/www.c-advice.com\/index.php?rest_route=%2Fwp%2Fv2%2Fmedia&parent=22"}],"curies":[{"name":"wp","href":"https:\/\/api.w.org\/{rel}","templated":true}]}}